2 + 2730*r - 6. Determine c(91).
-6
Let d(k) = 674*k + 4718. Give d(-7).
0
Let u(q) = 2*q**3 + 98*q**2 + 3*q + 90. Give u(-49).
-57
Let s(d) = d**2 - 21*d - 43. Calculate s(21).
-43
Let p(o) = 16*o**2 - 1138*o + 174. What is p(71)?
32
Let z(t) = 508*t - 4063. Calculate z(8).
1
Let q(f) = -5*f**2 + 21. Give q(-8).
-299
Let y(q) = 12*q**2 - 1094*q + 202. What is y(91)?
20
Let l(m) = m**3 - 5*m**2 - 17*m - 14. Calculate l(8).
42
Let i(k) = -78*k + 18. Give i(-1).
96
Let j(y) = -y**2 - 44*y + 39. What is j(-39)?
234
Let u(q) = 20*q - 782. Calculate u(30).
-182
Let v(w) = w**3 - 34*w**2 - 3194*w + 140. Determine v(76).
-12
Let i(u) = 279*u + 3108. Give i(-12).
-240
Let t(b) = -2*b**2 + 50*b - 112. Determine t(22).
20
Let i(d) = d**3 + 33*d**2 - 145*d - 40. What is i(4)?
-28
Let w(g) = g**2 + 25*g + 186. Give w(-14).
32
Let c(b) = -8*b**2 - 102*b + 56. Calculate c(-13).
30
Let l(r) = -r**3 - 42*r**2 + 70*r + 2934. Determine l(-42).
-6
Let x(p) = -61*p - 318. Calculate x(-4).
-74
Let i(q) = 5*q**2 - 69*q + 189. Determine i(4).
-7
Let h(p) = -109*p - 714. Calculate h(-8).
158
Let u(k) = -3*k**2 - 22*k + 85. What is u(3)?
-8
Let i(h) = -5*h**2 - 116*h - 42. Give i(-23).
-19
Let t(s) = 1548*s - 7776. What is t(5)?
-36
Let n(o) = -5*o**3 - 23*o**2 + 14*o + 10. Determine n(-5).
-10
Let t(w) = -8355*w + 100268. Determine t(12).
8
Let c(u) = 315*u - 1255. Give c(4).
5
Let u(r) = 33*r**2 + 13*r - 34. Give u(4).
546
Let l(f) = 5*f**2 + 96*f - 80. Calculate l(-20).
0
Let g(i) = 42*i**2 + 414*i - 59. Calculate g(-10).
1
Let a(t) = -t**2 - 22*t + 288. What is a(-32)?
-32
Let o(v) = v**2 - 59*v + 353. Give o(52).
-11
Let d(g) = 74*g - 2373. Give d(32).
-5
Let g(c) = -3*c**2 - 232*c - 1779. Give g(-8).
-115
Let p(f) = f**2 + 157*f - 3346. What is p(19)?
-2
Let h(y) = -y**3 + 20*y**2 - 43*y + 36. Give h(18).
-90
Let r(d) = -2*d**3 + 16*d**2 - 13*d - 27. Determine r(5).
58
Let v(m) = 8*m**2 - m + 43. Calculate v(8).
547
Let n(g) = g**2 + 31*g - 55. Determine n(-25).
-205
Let h(r) = 484*r + 328. Calculate h(-1).
-156
Let y(l) = 2*l**3 - 97*l**2 + 67*l - 246. What is y(48)?
666
Let s(l) = l**2 - 55*l + 678. What is s(19)?
-6
Let j(o) = o**3 - 9*o**2 + 453*o - 4629. What is j(10)?
1
Let f(j) = 34*j + 6001. Give f(-177).
-17
Let g(k) = 3*k**2 + 32*k + 71. Give g(-3).
2
Let m(b) = -12*b + 457. Calculate m(38).
1
Let o(s) = s**2 + 20*s - 80. What is o(4)?
16
Let i(n) = -203*n + 1230. Determine i(6).
12
Let r(b) = 2*b**3 - 15*b**2 + 181*b - 1227. Give r(7).
-9
Let i(g) = 29*g**2 - 34*g + 2. Calculate i(-1).
65
Let a(x) = 90*x + 19302. Calculate a(-214).
42
Let v(c) = -167*c + 1108. Determine v(7).
-61
Let a(l) = 73*l + 362. Give a(-6).
-76
Let p(g) = g**2 - 4*g - 2046. What is p(47)?
-25
Let l(n) = -n**3 - 23*n**2 - 7*n - 747. Give l(-24).
-3
Let j(c) = c**3 + 75*c**2 + 1350*c + 465. Determine j(-29).
1
Let h(g) = 2*g**3 + 6*g**2 - 36*g. Give h(-6).
0
Let d(o) = -4*o**2 + 14*o + 76. Calculate d(6).
16
Let c(z) = z**3 + 12*z**2 - 10*z + 45. What is c(-13)?
6
Let k(h) = 32*h + 951. Calculate k(-29).
23
Let a(r) = -3*r**3 + 15*r**2 + 43*r - 12. Determine a(7).
-5
Let r(u) = 5*u**2 + 111*u + 42. Calculate r(-22).
20
Let o(z) = -z**3 + z**2 + 9*z + 3. Calculate o(-4).
47
Let l(w) = -40*w + 1370. Determine l(61).
-1070
Let w(o) = 175*o + 4524. Calculate w(-26).
-26
Let p(n) = 7*n**2 - 102*n - 20. Give p(15).
25
Let s(a) = -a**3 + 11*a**2 - 14*a - 40. Determine s(10).
-80
Let g(q) = 11*q + 108. Determine g(15).
273
Let f(x) = -5*x**2 - 36*x - 201. Determine f(-11).
-410
Let c(b) = -33*b**3 + 1088*b**2 + 30*b + 77. Give c(33).
-22
Let m(s) = 8*s**2 - 77*s - 75. Determine m(10).
-45
Let a(b) = 89*b - 1938. Give a(22).
20
Let j(x) = x**2 + 20*x + 432. Determine j(-24).
528
Let w(x) = -634*x + 3173. Give w(5).
3
Let m(l) = -8*l**2 - 8*l - 9. What is m(-1)?
-9
Let p(t) = -46*t**2 - 4*t + 2. Determine p(2).
-190
Let g(t) = 2*t**2 - 18*t - 23. Give g(11).
21
Let t(s) = s**2 + 2*s - 30. Give t(6).
18
Let i(r) = r**3 + 59*r**2 + 447*r - 155. What is i(-50)?
-5
Let l(i) = -195*i**2 - 643*i - 1. What is l(-3)?
173
Let b(m) = -271*m - 5349. Calculate b(-20).
71
Let x(a) = -207*a + 1265. Give x(6).
23
Let a(t) = -t**2 + 188*t + 4168. Give a(208).
8
Let k(s) = -2*s**2 + 34*s + 49. Calculate k(17).
49
Let a(i) = -3*i**2 - 21*i + 5. What is a(5)?
-175
Let i(z) = -180*z + 747. Determine i(4).
27
Let f(o) = 72*o + 94. What is f(-4)?
-194
Let i(m) = 3*m**2 - 48*m - 163. Calculate i(19).
8
Let g(n) = -23192*n + 162342. Give g(7).
-2
Let h(r) = 2*r**3 - 46*r**2 + 159*r - 3657. Calculate h(23).
0
Let u(q) = 11*q**2 - 1. What is u(-1)?
10
Let x(d) = 25*d + 28. What is x(-1)?
3
Let v(y) = -26*y - 125. What is v(-5)?
5
Let b(t) = -6*t + 39. Give b(10).
-21
Let c(y) = y**2 + 81*y + 1353. Determine c(-57).
-15
Let z(j) = -17779*j - 88893. Determine z(-5).
2
Let j(s) = -135*s - 516. Give j(-4).
24
Let s(v) = 4*v + 100. Calculate s(-37).
-48
Let l(g) = 671*g + 2689. Determine l(-4).
5
Let j(v) = v**3 + 10*v**2 - 26*v + 4. Determine j(-9).
319
Let j(r) = 5*r**3 + 35*r**2 + 41*r + 655. Determine j(-8).
7
Let f(r) = -14*r + 467. What is f(34)?
-9
Let j(t) = -31*t**2 - 15*t - 7. What is j(-2)?
-101
Let d(y) = y**2 - 38*y - 267. What is d(45)?
48
Let p(s) = -2*s**2 + 120*s + 89. Calculate p(61).
-33
Let h(x) = 5*x - 12. Determine h(2).
-2
Let a(s) = 22*s - 751. Give a(45).
239
Let f(q) = 198*q - 602. Determine f(3).
-8
Let i(z) = 3*z**2 - 2956*z + 8873. Calculate i(3).
32
Let w(n) = 96*n - 5098. What is w(53)?
-10
Let l(g) = 515*g + 13920. Give l(-27).
15
Let c(a) = 2*a**2 + 83*a + 818. What is c(-16)?
2
Let f(h) = -5*h**2 + 123*h + 23. What is f(25)?
-27
Let q(s) = -3*s**3 - 19*s**2 + 10*s - 17. Determine q(-7).
11
Let f(i) = 2*i**2 - 453*i + 4931. Calculate f(215).
-14
Let n(i) = -51*i + 30. What is n(2)?
-72
Let x(h) = -h**3 - 12*h**2 + 19*h - 395. What is x(-15)?
-5
Let v(x) = x**3 + 5*x**2 - 29*x - 98. Determine v(-8).
-58
Let i(r) = -13*r**2 - 349*r + 53. Calculate i(-27).
-1
Let z(m) = -20*m - 287. What is z(-15)?
13
Let o(w) = w**2 - 37*w - 353. Calculate o(-8).
7
Let s(m) = -4*m - 60. Calculate s(6).
-84
Let t(c) = 233*c. Give t(-1).
-233
Let f(s) = -2*s**2 + 151*s - 61. What is f(75)?
14
Let u(z) = -2*z**3 + 25*z**2 - 9*z - 12. Calculate u(12).
24
Let j(v) = -6290*v + 18879. What is j(3)?
9
Let j(n) = 65*n - 208. Give j(3).
-13
Let w(v) = -51*v + 109. Determine w(2).
7
Let c(q) = -173*q + 6062. Calculate c(35).
7
Let l(b) = -b**3 + 12*b**2 + 13*b + 4. Determine l(13).
4
Let t(o) = 10*o + 36. Calculate t(-17).
-134
Let f(y) = 16*y - 152. Calculate f(17).
120
Let h(i) = 2*i**3 - 54*i**2 - 560*i + 76. Give h(35).
76
Let q(i) = 2*i**2 - 107*i + 1074. Give q(11).
139
Let g(l) = 90*l - 13. What is g(-1)?
-103
Let s(f) = -3*f + 79. Determine s(14).
37
Let p(m) = m**2 - 8*m + 45. Give p(0).
45
Let q(u) = -4*u**3 - 162*u**2 - 98*u - 728. What is q(-40)?
-8
Let p(v) = -6006*v + 54057. What is p(9)?
3
Let s(i) = -i**3 + 29*i**2 + 22*i + 15. Calculate s(30).
-225
Let b(x) = -2*x**3 - 84*x**2 + 369*x + 2. Calculate b(4).
6
Let t(c) = -11*c**2 + 314*c - 24. Give t(25).
951
Let l(j) = 10*j**3 + 13*j**2 - 20*j - 11. What is l(4)?
757
Let v(q) = -4*q + 2. Determine v(12).
-46
Let l(a) = -2768*a + 41525. Determine l(15).
5
Let v(p) = -161*p**2 - 500*p + 501. What is v(1)?
-160
Let s(p) = -2*p**3 - 7*p**2 + 25*p + 182. Give s(-5).
132
Let n(j) = 7*j**3 + 6*j**2 + 15*j - 20. What is n(1)?
8
Let q(c) = -6*c**2 + 47*c + 105. Determine q(10).
-25
Let n(y) = y**3 - 151*y**2 + 1668*y + 26. What is n(12)?
26
Let t(u) = 27*u - 949. What is t(12)?
-625
Let j(k) = k**2 - 25*k + 201. Give j(8).
65
Let u(r) = r**3 - 48*r**2 + 127*r - 20. Give u(45).
-380
Let j(z) = z**2 + 17*z - 96. What is j(-28)?
212
Let i(a) = -a**3 + 85*a**2 - 14*a + 1193. Give i(85).
3
Let p(x) = -x + 66. Determine p(32).
34
Let v(g) = -154*g**2 + 461*g + 12. Determine v(3).
9
Let t(x) = x**3 + 26*x**2 + 86*x + 97. What is t(-23)?
-294
Let c(t) = 3*t**3 - 99*t**2 - 103*t + 27. What is c(34)?
-7
Let c(n) = 2*n**2 - 96*n - 371. Determine c(52).
45
Let q(o) = -69*o + 61. Calculate q(7).
-422
Let n(o) = -109*o - 1498. Calculate n(-14).
28
Let i(u) = u**3 - 26*u**2 + 38*u + 243. Give i(24).
3
Let z(g) = g**3 - g**2 + 13*g + 538. Calculate z(0).
538
Let x(b) = 13